+ 1 - 17). Let s = z + y. List the prime factors of s.
2, 3
Let m(v) be the first derivative of -5*v**2 - 1 - 1/3*v**3 - 7*v. What are the prime factors of m(-7)?
2, 7
Let h = -2 - 4. Suppose 2*b = 4*b - 10. Let n = b - h. List the prime factors of n.
11
Let d = 84 - 24. Suppose 0 = -5*z + z + d. What are the prime factors of z?
3, 5
Suppose -4*z - c + 46 + 46 = 0, -46 = -2*z - 2*c. What are the prime factors of z?
23
Let l = 151 - 60. List the prime factors of l.
7, 13
Let m(p) = p**3 - p**2 + p + 2. Let r be ((-6)/(-3) - -2) + -2. Let z be m(r). Let f = z - 5. What are the prime factors of f?
3
Let z be 0*(6/3)/(-4). Suppose 0*r - 5*k + 9 = r, z = -2*k - 4. What are the prime factors of r?
19
Let g be (-2)/(-10) - 11/5. Let a = g + 5. Suppose a*k + 11 = 47. What are the prime factors of k?
2, 3
Let h = 254 - 145. List the prime factors of h.
109
Let u = 7 - 3. Let k(c) = c**3 - 2*c**2 + 4*c - 4. What are the prime factors of k(u)?
2, 11
Let v = -13 + 16. Suppose 4*t - 51 = -v*c + t, t = 4*c - 68. List the prime factors of c.
17
Let l(q) = -q + 1. Let y be l(-1). What are the prime factors of 3 - 2*y/(-2)?
5
What are the prime factors of (-9)/(27/12) - -184?
2, 3, 5
Let x = 94 + 61. What are the prime factors of x?
5, 31
Let k(a) be the first derivative of -a**2/2 - 3*a - 2. Suppose 7*t = -2*h + 2*t - 15, -3*h - t = 16. List the prime factors of k(h).
2
Let c(m) = -m**3 + 2*m**2 - 1. Let k be c(-1). Let l be 5/((-15)/(-24))*k. Suppose 3*d - 17 = l. List the prime factors of d.
11
Let w(n) = -20*n + 3. Let z be w(-5). Let a = -46 + z. What are the prime factors of a?
3, 19
What are the prime factors of (-6)/(-24) - (-262)/8?
3, 11
What are the prime factors of (282/12)/(2/4)?
47
Suppose -4*g + 5*o + 115 = g, 4*g + 5*o = 128. What are the prime factors of (-2)/(-3)*g/6?
3
Let c be (-1)/3 - 1/(-3). Suppose -r + c = -2. What are the prime factors of r?
2
Let n(v) = 4*v**3 + 10*v**2 + 11*v - 13. Let x(q) = -3*q**3 - 9*q**2 - 10*q + 12. Let g(h) = 4*n(h) + 5*x(h). List the prime factors of g(6).
2
Let o(c) = c**3 + 4*c**2 + 3*c + 3. Let y be o(4). Suppose -q = 4*j - y, 0 = -4*q - 5 - 15. List the prime factors of j.
37
Suppose 3*v - 3*u - 18 = 0, -2*v = -4*u + 1 - 21. Suppose 2*b + 3 = b. What are the prime factors of b*v/(-6) + 1?
2
Let p be 2/8 - (-14)/8. Suppose 7 + 9 = p*j. Suppose -3*b + 71 - j = 0. List the prime factors of b.
3, 7
Suppose 129 + 9 = 3*m. List the prime factors of m.
2, 23
Suppose 26 = -m - 0*m. List the prime factors of (-1)/(-3) - m/3.
3
Suppose -2*l + 0*l = -32. Suppose l = o - 2. What are the prime factors of o?
2, 3
Let s(b) be the third derivative of b**6/120 - 7*b**5/60 + b**4/12 - 4*b**3/3 + 4*b**2. Let h be s(7). Let c(d) = 4*d - 8. List the prime factors of c(h).
2
Suppose -211 = -4*p + j, 0*p + 3*j = -p + 56. List the prime factors of p.
53
Suppose x - 4*x + 243 = 0. What are the prime factors of x?
3
What are the prime factors of (-3 + 141/(-15))*20/(-8)?
31
List the prime factors of 3/2*(3 - -3).
3
Let g = -30 - -54. Suppose 2*n - 48 = 6*n. Let m = n + g. List the prime factors of m.
2, 3
Suppose g - 15 = 44. List the prime factors of g.
59
Suppose -5*x + 1430 = -s, -x + 5*x - s - 1145 = 0. List the prime factors of x.
3, 5, 19
Let q be 0 + 18 + 2 + 0. Suppose 6*b = b. Suppose b*s + 2*s = q. List the prime factors of s.
2, 5
List the prime factors of -2 + 1 + (53 - (2 + -3)).
53
Let s be (-4 - -2 - -6) + -2. Suppose 6*u - s*u - 36 = 0. List the prime factors of u.
3
Suppose -1 = -s + y, 4*s = -0*y + 3*y + 5. Let h(q) = -2*q**2 - q - 2. Let a be h(s). Let b = a - -19. List the prime factors of b.
7
Let d = 42 + -60. Let k = 29 + d. List the prime factors of k.
11
Suppose -3*x + 2*x = -66. Suppose g = 3*g - x. Suppose 3*t - t = 5*k - 32, -3*t - g = -5*k. What are the prime factors of k?
2, 3
Let b(z) = 0*z**2 - 9*z + z**2 - 2*z**2 - 6. Let w be b(-8). List the prime factors of (20/4)/(1/w).
2, 5
Let p be 52/6*(-27)/(-18). Let j(b) = b - 1. List the prime factors of j(p).
2, 3
Let x = 40 - -7. Suppose 0 = 2*i - x - 61. List the prime factors of i.
2, 3
Suppose w = 5*w - 44. List the prime factors of w.
11
Let b = 6 + -3. Let x(m) = -3*m + 3. Let v(p) = 3*p - 2. Let k(l) = 4*v(l) + 3*x(l). List the prime factors of k(b).
2, 5
Suppose m - 188 = -c + 4*c, 885 = 5*m - 4*c. List the prime factors of m.
173
Let j(p) = 13*p - 26. What are the prime factors of j(8)?
2, 3, 13
Let h = 14 + -9. Suppose -10 - 56 = -h*d - 2*l, 3*l + 15 = 2*d. Suppose -5*i + d + 3 = 0. What are the prime factors of i?
3
Let i = -9 - -185. List the prime factors of i.
2, 11
Suppose 2*p - 7*p = 0. Suppose -m + p*m = 0. Suppose -t - 4*k - 10 = m, -3*k = -4*k - 3. List the prime factors of t.
2
Suppose -2*a + a = 11. Let m(v) = -2*v + 2. List the prime factors of m(a).
2, 3
Let l(j) = j**2 - 7*j + 3. Let a be l(7). Suppose a*y - 34 = 5*z, 5*y - 30 = -0*z + 3*z. Suppose n = -1 + y. List the prime factors of n.
2
Let s(d) = -2*d - 1. Let y be s(-2). Suppose y*o - 4*o + 5 = 0. Suppose 0 = 2*w - 11 - o. List the prime factors of w.
2
Suppose 118 = j + j. What are the prime factors of j?
59
Let g = -5 + 0. What are the prime factors of (-2)/(-6)*0 - g?
5
Let z(t) = -t**3 - 11*t**2 + 20*t + 20. List the prime factors of z(-13).
2, 7
Let t(q) = -q**3 + 5*q**2 - q - 5. Suppose 0 = -b - 2 + 4. Suppose -i + 20 = -4*h, 0*i + 12 = 5*i + b*h. List the prime factors of t(i).
7
Let a(g) = g - 2. Let z be a(2). Suppose -3*w = z, -3*k - 6*w = -w - 6. List the prime factors of k.
2
Let c(n) = -n**3 - 5*n**2 - 3*n + 3. Suppose -30 = 5*s + o + 4*o, 3*s + 21 = -4*o. Let w be c(s). List the prime factors of ((-6)/5)/(w/15).
3
Let d be (1/2)/(3/288). List the prime factors of (d/30)/((-1)/(-5)).
2
Suppose 2*b + z = 27, 74 = 4*b - 2*z - 0*z. List the prime factors of b.
2
List the prime factors of 266 + -5 + (-2 - -4).
263
Let k = -24 + 34. Let n(q) = 3*q + 1 - 3*q + q. List the prime factors of n(k).
11
Let i = -23 + 54. List the prime factors of i.
31
Let d = -82 + 117. What are the prime factors of d?
5, 7
Let x = -7 - -24. List the prime factors of x.
17
Suppose 5*g = g. Suppose -s + g = 16. Let v = 37 + s. What are the prime factors of v?
3, 7
Let g = -43 + 110. What are the prime factors of g?
67
Let j(u) = 1 + 4*u + u + u**2 + 0 + u**2. What are the prime factors of j(-4)?
13
Let m = 43 - 22. List the prime factors of m.
3, 7
Suppose -94 = -9*c + 7*c. List the prime factors of c.
47
Let a = -11 + 46. Let v = a - 22. What are the prime factors of v?
13
Let i(u) = u**3 - 3*u**2 + 3*u + 2. Let d(r) = -r**2 - 7*r + 3. Let z be d(-7). What are the prime factors of i(z)?
11
Let y(t) = t - 12. Let m be y(8). Let a = -3 - m. Let k(b) = 5*b. What are the prime factors of k(a)?
5
Let l(h) be the first derivative of 11*h**3/3 + h + 2. What are the prime factors of l(1)?
2, 3
Let y(u) = u**2 + 6*u. Let c be y(-6). Suppose c*a = -2*a + 10. Suppose -5*m + 26 = o + 2*o, -5*m + 30 = a*o. What are the prime factors of o?
2
Let v be ((-2)/3)/((-3)/90). Let w = v - 3. List the prime factors of w.
17
Suppose 8 + 3 = g. List the prime factors of 2/g - (-3124)/121.
2, 13
Let x(s) = s**3 + 8*s + 7. List the prime factors of x(4).
103
Let q(t) = -2*t**3 - 5*t**2 - 3*t - 8. List the prime factors of q(-4).
2, 13
Suppose -5*x = 4*o - 129, 0*o + x - 57 = -2*o. What are the prime factors of o?
2, 13
Let p = 18 - 5. Suppose -5*g + p = 4*d - 7, 0 = 5*g. Suppose 2*b + 72 = d*l, 5 = -5*b - 0. List the prime factors of l.
2, 7
Suppose 3*y = -y. Let q = y - -2. Suppose 5*p - 31 = -q*r, 2*r + 0*p - 25 = -3*p. What are the prime factors of r?
2
Suppose 2*f = -0*v - 5*v + 143, 0 = -f + 4. List the prime factors of v.
3
Let i = -44 - -82. List the prime factors of i.
2, 19
Suppose 2*v = -3*j - 0*v + 45, -j + 15 = v. Let p be ((-6)/10)/((-3)/j). Suppose -21 = -p*t - 9. List the prime factors of t.
2
Let c = 170 + -45. List the prime factors of c.
5
Let j(t) = -t - 2. Let p(d) = -3*d - 5. Let m(a) = 8*j(a) - 3*p(a). Let i = -11 + 22. What are the prime factors of m(i)?
2, 5
Let d = 0 + -3. Let u be 2/d + 10/6. List the prime factors of -1 + u - 2 - -8.
2, 3
Suppose -6*c + 2782 = 706. What are the prime factors of c?
2, 173
Suppose -v - 12 = 2*v. Let h = 1 - v. Suppose -54 - 11 = -h*u. What are the prim